76.
6675
What is the remainder when 839243 is divided by 291?
290
What is the remainder when 21574751 is divided by 1132?
1095
What is the remainder when 391350 is divided by 4299?
141
Calculate the remainder when 162403 is divided by 382.
53
What is the remainder when 1908324 is divided by 4?
0
What is the remainder when 20524886 is divided by 38?
22
Calculate the remainder when 125680317 is divided by 4335.
4332
What is the remainder when 243098 is divided by 119166?
4766
What is the remainder when 571791 is divided by 2289?
1830
What is the remainder when 969182 is divided by 6688?
6110
Calculate the remainder when 127931 is divided by 6386.
211
Calculate the remainder when 722692 is divided by 361337.
18
What is the remainder when 2820176 is divided by 705040?
16
What is the remainder when 1853462 is divided by 382?
380
Calculate the remainder when 234009 is divided by 19467.
405
Calculate the remainder when 648809 is divided by 3508.
3337
Calculate the remainder when 2697402 is divided by 67.
49
What is the remainder when 6909 is divided by 2597?
1715
Calculate the remainder when 475945025 is divided by 43.
41
What is the remainder when 21959 is divided by 18956?
3003
Calculate the remainder when 8916105 is divided by 478.
449
Calculate the remainder when 134495845 is divided by 241.
11
Calculate the remainder when 179090 is divided by 165.
65
What is the remainder when 247338 is divided by 27481?
9
Calculate the remainder when 24840149 is divided by 388127.
21
What is the remainder when 81193 is divided by 642?
301
What is the remainder when 146760 is divided by 5649?
5535
What is the remainder when 2430373 is divided by 4710?
13
Calculate the remainder when 5491509 is divided by 1419.
1398
What is the remainder when 31317 is divided by 2129?
1511
What is the remainder when 6842050 is divided by 3421017?
16
Calculate the remainder when 476705 is divided by 746.
11
Calculate the remainder when 98624 is divided by 3093.
2741
Calculate the remainder when 94481168 is divided by 3522.
3518
What is the remainder when 2812047 is divided by 29292?
15
Calculate the remainder when 962197879 is divided by 553.
552
What is the remainder when 1207714 is divided by 245?
109
Calculate the remainder when 18840107 is divided by 8.
3
Calculate the remainder when 29846366 is divided by 4939.
4928
What is the remainder when 11943326 is divided by 7488?
7454
Calculate the remainder when 351222 is divided by 396.
366
What is the remainder when 300790 is divided by 72571?
10506
What is the remainder when 1382761 is divided by 1626?
661
What is the remainder when 2233276 is divided by 8?
4
Calculate the remainder when 2280534 is divided by 178.
176
What is the remainder when 196700 is divided by 196491?
209
What is the remainder when 104117107 is divided by 4004503?
29
Calculate the remainder when 2115485 is divided by 798.
785
What is the remainder when 14896147 is divided by 34244?
7
What is the remainder when 8337354 is divided by 74?
70
Calculate the remainder when 36630 is divided by 655.
605
What is the remainder when 488714 is divided by 298?
292
What is the remainder when 118954 is divided by 2146?
924
Calculate the remainder when 116631083 is divided by 29157766.
19
Calculate the remainder when 7480244 is divided by 7097.
6
What is the remainder when 23595 is divided by 1242?
1239
What is the remainder when 29247092 is divided by 74?
72
What is the remainder when 264085 is divided by 65706?
1261
What is the remainder when 1368601 is divided by 1072?
729
Calculate the remainder when 19681007 is divided by 30.
17
Calculate the remainder when 10116782 is divided by 85.
82
What is the remainder when 2037770 is divided by 45?
35
What is the remainder when 425865 is divided by 371?
328
Calculate the remainder when 5796849 is divided by 1932270.
39
What is the remainder when 3159219 is divided by 143596?
107
What is the remainder when 226821 is divided by 226755?
66
Calculate the remainder when 330093 is divided by 9168.
45
What is the remainder when 144398 is divided by 336?
254
Calculate the remainder when 46773 is divided by 106.
27
What is the remainder when 2558518 is divided by 49202?
14
Calculate the remainder when 1546457 is divided by 9.
5
Calculate the remainder when 705728 is divided by 37076.
1284
What is the remainder when 140392 is divided by 5396?
96
Calculate the remainder when 3052507 is divided by 56.
3
Calculate the remainder when 21395 is divided by 3725.
2770
Calculate the remainder when 621167326 is divided by 8136.
8134
What is the remainder when 27733717 is divided by 28?
25
What is the remainder when 133513 is divided by 26701?
8
Calculate the remainder when 13168807 is divided by 85.
12
What is the remainder when 4825522 is divided by 95?
92
Calculate the remainder when 1476856 is divided by 2.
0
Calculate the remainder when 51251144 is divided by 399.
392
What is the remainder when 27029136 is divided by 20?
16
What is the remainder when 8251273 is divided by 355?
8
What is the remainder when 31743 is divided by 30696?
1047
What is the remainder when 45547 is divided by 512?
491
Calculate the remainder when 37374811 is divided by 1104.
1099
Calculate the remainder when 5172741 is divided by 605.
596
What is the remainder when 4051058 is divided by 1080?
1058
What is the remainder when 30318 is divided by 4862?
1146
Calculate the remainder when 21854 is divided by 1678.
40
Calculate the remainder when 7006562 is divided by 606.
596
Calculate the remainder when 24533040 is divided by 61.
60
Calculate the remainder when 381097 is divided by 16.
9
Calculate the remainder when 11566719 is divided by 1489.
167
Calculate the remainder when 2197163 is divided by 8934.
8333
Calculate the remainder when 9849425 is divided by 37.
25
Calculate the remainder when 16352916 is divided by 52413.
60
Calculate the remainder when 116097 is divided by 113999.
2098
Calculate the remainder when 313224941 is divided by 8506.
8503
What is the remainder when 121167 is divided by 27412?
11519
Calculate the remainder when 27158245 is divided by 90.
25
Calculate the remainder when 42010 is divided by 2211.
1
Calculate the remainder when 385926 is divided by 94097.
9538
What is the remainder when 619835 is divided by 520?
515
What is the remainder when 12727267 is divided by 3181810?
27
Calculate the remainder when 19757591 is divided by 1276.
7
What is the remainder when 579082 is divided by 384?
10
Calculate the remainder when 1011849 is divided by 91938.
531
What is the remainder when 5678197 is divided by 14982?
19
What is the remainder when 281485911 is divided by 2162?
2159
Calculate the remainder when 111806428 is divided by 5.
3
What is the remainder when 101263 is divided by 1633?
17
What is the remainder when 286082 is divided by 1149?
1130
What is the remainder when 8847162 is divided by 317?
9
What is the remainder when 4259449 is divided by 88?
73
Calculate the remainder when 15164646 is divided by 151.
18
What is the remainder when 56926884 is divided by 1119?
1116
What is the remainder when 43167 is divided by 1489?
1475
Calculate the remainder when 563907 is divided by 362.
273
Calculate the remainder when 23670 is divided by 664.
430
What is the remainder when 5075266 is divided by 376?
18
Calculate the remainder when 1965529 is divided by 23398.
97
Calculate the remainder when 3645460 is divided by 105.
70
Calculate the remainder when 69635 is divided by 7224.
4619
What is the remainder when 158655 is divided by 51982?
2709
Calculate the remainder when 8921281 is divided by 8921195.
86
What is the remainder when 2187021 is divided by 312430?
11
Calculate the remainder when 1042362 is divided by 39.
9
Calculate the remainder when 26693510 is divided by 355.
350
What is the remainder when 16655003 is divided by 4163746?
19
What is the remainder when 74736677 is divided by 145970?
37
Calculate the remainder when 8432976 is divided by 1054121.
8
What is the remainder when 647914 is divided by 640?
234
Calculate the remainder when 1081785 is divided by 2588.
1
What is the remainder when 562107 is divided by 10907?
5850
What is the remainder when 53294 is divided by 1165?
869
What is the remainder when 9023789 is divided by 59?
34
Calculate the